 = m*d - 444 - 12. What is the greatest common factor of 2 and d?
2
Suppose -82*w + 5*x = -79*w - 8388, w - 2780 = -x. What is the greatest common factor of 14 and w?
14
Let t = 497 - 496. What is the greatest common factor of 187 and t?
1
Let m(q) = -45*q**3 - 3*q**2 - 5*q - 3. Let o = 449 - 450. Let a be m(o). Calculate the highest common divisor of a and 374.
22
Suppose -4*j - 4*o - 8 = -6*j, 0 = 2*o + 2. Let p = -13 - -15. Let w = p + 0. Calculate the greatest common divisor of w and j.
2
Let c = -2651 - -2913. What is the greatest common divisor of c and 131?
131
Suppose -m = 5*b - 745, -37*b + 153 = -36*b + m. What is the greatest common factor of b and 6956?
148
Let p(y) = -y**2 + 11*y + 46. Let w be p(14). Suppose 5*v = c + 562 + 108, 0 = -w*c + 20. Calculate the highest common divisor of v and 45.
45
Let d be -11 + 13 + (0 - 0). Suppose -d*h - 84 = -6*h. Let y(w) = 2*w**2 + 13*w - 48. Let v be y(-12). What is the greatest common divisor of h and v?
21
Let d(f) = 20*f + 3. Let u be d(-9). Let c = -49 - u. What is the greatest common divisor of 16 and c?
16
Let g be ((-660)/80 + 3)*-376. Calculate the highest common divisor of 6486 and g.
282
Let o(v) = -v**2 - 3*v - 3. Suppose -12 = 2*b - 2*m, -2*b - 5*m = b - 14. Let n be o(b). Let z be n/2*-3*2. Calculate the greatest common divisor of 3 and z.
3
Suppose -5*t = 5*f - f - 235, 4*t - 5*f = 229. What is the highest common divisor of t and 1479?
51
Suppose -4*l + 16*l - 25561 = -7621. Calculate the greatest common divisor of 46 and l.
23
Let l(q) = -72*q**3 + q**2 - 1. Let r be l(-1). Let w = 136580 + -136556. Calculate the highest common factor of w and r.
24
Suppose 0 = -18*c + 13*c. Suppose y + c*y - 4*u + 2 = 0, 0 = -5*y - 2*u + 78. Suppose g + 4 = y. Calculate the highest common factor of 25 and g.
5
Let w be ((-1470)/4)/(-1)*(-53 - (-14760)/200). What is the highest common divisor of w and 441?
147
Let f be ((-8)/(-56)*0)/(-8 - -4). Let w = -2 - -4. Suppose f = w*r - 8 - 34. What is the highest common factor of 189 and r?
21
Let s be (-8 - -4)*(-23 + 1). Let l = s + -54. Calculate the greatest common factor of l and 221.
17
Let f(j) = j**3 + 28*j**2 - j + 809. Let u be f(-28). What is the greatest common divisor of u and 341?
31
Let y be ((-24)/(-6))/(2 + 0). Let d be y*(-4)/16*-6. What is the greatest common divisor of 27 and d?
3
Let l be 1/2 - (-129)/2. Let c = 71 + -71. Suppose -2*p + c*f + 23 = 3*f, 4*p = 4*f + 56. What is the highest common divisor of p and l?
13
Suppose 2*w - 41*d - 44 = -37*d, d - 69 = -2*w. Suppose -112 = -2*o + 4*k, 224 = o + 3*o + k. Calculate the highest common factor of o and w.
8
Let k(x) = -48*x - 3. Let h be (-6)/9 - 2/6. Let o be k(h). Let m = 75 - o. What is the greatest common divisor of 20 and m?
10
Let q be -5 - -13 - (-4)/((-8)/(-4)). Suppose 26 = -4*i + 5*c, 4*i + 3*c = 2*i - 2. Let p be -1 + (i - -1 - -74). What is the highest common divisor of p and q?
10
Suppose 0 = -3*c + 2*c + 61. Let j = 63828 + -63401. What is the greatest common divisor of c and j?
61
Suppose 13*n - 512 = 5*n. Let t = 65 - n. Let m be 4/(-18) - t/(27/(-330)). What is the greatest common factor of 108 and m?
12
Let j = -8074 - -8085. What is the highest common divisor of j and 54?
1
Suppose -l + 4*k + 48 = -0*l, -4*l - 2*k = -174. Suppose -3*o + l = o. What is the highest common divisor of 352 and o?
11
Suppose 4*u = -17*y + 15*y + 82, 0 = 3*u + 6. Suppose 46 = -i + 127. What is the greatest common factor of y and i?
9
Let p = -348 - -352. Let o be (3/p)/((-44)/(-176)). What is the greatest common divisor of o and 9?
3
Let q(u) be the third derivative of 1/24*u**4 + 2/3*u**3 - u**2 + 0*u + 0. Let s be q(9). What is the greatest common factor of s and 13?
13
Suppose -3*y = 205*m - 207*m - 56230, 74945 = 4*y + 3*m. What is the highest common factor of y and 40?
20
Suppose 291*p + 68 = 295*p. Suppose -5244 = -p*k - 6*k. Suppose 5*y - 6*y = 0, 2*s - 24 = -y. What is the greatest common factor of k and s?
12
Suppose -22*x + 18768 = -5*x. Calculate the greatest common factor of 64 and x.
16
Suppose -25*q = 16*q - 861. Calculate the highest common divisor of 579 and q.
3
Suppose 2*v + 4*i = 1 - 15, 2*v + 5 = 5*i. Let w(m) = 12*m + 32. Let k be w(v). Let f = k + 258. Calculate the highest common factor of 92 and f.
46
Suppose 2*z + 9 - 39 = 0. Let q be (-2)/((1 + -2)*1/2). Suppose -q*l = 24 - 60. What is the highest common factor of l and z?
3
Suppose -15*a - 3127 = -5827. What is the greatest common factor of 750 and a?
30
Suppose -2*x + 1644 = 2*f, 2*x - 166*f + 162*f - 1584 = 0. Let t = 61 + -33. What is the greatest common divisor of t and x?
28
Let v be ((-42)/49)/((-3)/42). Let b be (-1)/(v/(-45))*112/6. What is the highest common factor of 35 and b?
35
Suppose 7*h - 64448 = 4*o, -3140 = -2*h + o + 15275. What is the greatest common divisor of 784 and h?
196
Let k be 64/(-384) + (-39098)/(-12). Calculate the highest common factor of k and 18.
18
Let w be (-9)/15 - 1132/(-20). Let s = w + -77. Let f = -4 - s. Calculate the greatest common divisor of f and 17.
17
Let j be (-356)/12*1*(-3 + 6). Let y = -77 - j. Suppose 2*q - y = -q. What is the highest common divisor of q and 8?
4
Suppose -34*c + 7632 = -30*c + 4*k, 4*c + 5*k = 7629. What is the greatest common divisor of c and 117?
39
Let p = -57 - -58. Let g be (-220)/(-3 - p) + -7. What is the greatest common factor of 64 and g?
16
Suppose 6*f = 2*f - 4*v + 4408, 3*v = -4*f + 4406. Calculate the greatest common divisor of 330 and f.
110
Suppose d = -v - 5, -77 = 3*v + 8*v. Calculate the greatest common factor of d and 226.
2
Let q = 4977 - 2892. What is the greatest common divisor of q and 15?
15
Suppose -3*z - 25 = 23. Let k be -6*(-8)/z - (-1136 + -1). Suppose -24*c + 6*c + k = 0. Calculate the highest common divisor of c and 18.
9
Suppose 4*a + 243 = 2*b + 145, -5*a - 147 = -3*b. Calculate the highest common divisor of 2107 and b.
49
Let q(d) = -d**3 + 18*d**2 - 10*d - 164. Let a be q(11). Calculate the greatest common divisor of 15 and a.
3
Let c = 565 + -293. Suppose -c = 57*z - 59*z. What is the highest common factor of z and 51?
17
Suppose 1 = 2*m - 3*g + 16, -3*g + 15 = 0. Suppose 0*x - 2*x - 3*i = -27, -5*i - 15 = m. Calculate the highest common factor of 135 and x.
9
Let m be -46 + (-12096)/(-264) + 3634/22. Calculate the greatest common factor of 2035 and m.
55
Let h be 2 + 0 - (7 - 101). Calculate the highest common divisor of 780 and h.
12
Suppose -2*a = 3*i + 2, -3*a + 6*i - 3*i = -12. Suppose 4*q = -4*f + 160, -f - 122 = -4*f - a*q. Calculate the highest common factor of f and 28.
14
Suppose 0 = -5*n + m, m = -n - m. Let g(q) = n*q + 7 - 4*q**2 + 12*q + 3*q**2. Let w be g(12). What is the highest common divisor of w and 77?
7
Let z(k) = k - 19. Let w be z(15). Let b be 1*0/(w - 0). Suppose b = -2*m - 0 + 10. What is the highest common divisor of 2 and m?
1
Let q = -19803 - -19998. Calculate the highest common divisor of 793 and q.
13
Let p = -25673 - -28221. What is the highest common factor of 1568 and p?
196
Let y(t) = 1114*t - 1524. Let k be y(9). Calculate the highest common divisor of 39 and k.
39
Suppose 5*w + 38 = f, -2*f - 2*w + 4*w = -36. Suppose -f*y + 840 - 164 = 0. What is the highest common factor of y and 806?
26
Let x(j) = -j**3 + 14*j**2 + 200*j - 2489. Let z be x(11). Calculate the highest common factor of 17501 and z.
37
Suppose 155*j - 154*j - 409 = 0. Let p = j - 389. Suppose -3*i + i = -280. What is the greatest common factor of p and i?
20
Let q = -202 - -202. Suppose 8*s - 134 - 570 = q. Calculate the greatest common factor of 66 and s.
22
Suppose 0 = 4*x - 4, 5*f - 35 = 6*x - x. Suppose 3*w + 18 = m - 2*w, -w + 30 = 4*m. Calculate the greatest common divisor of m and f.
8
Suppose -17*z - 100 = -2599. Suppose -k - 5*a = 4*k - 165, 0 = -4*k + a + z. Calculate the greatest common divisor of k and 288.
36
Let m = 23 - 18. Suppose m*d - 240 = -d. Suppose x = d - 33. Calculate the highest common factor of 28 and x.
7
Suppose -2*b = -5*j - 33, 3*b + 2*j = -j - 3. Let q be 8/(b/(-1)) + 0 + 87. What is the highest common factor of q and 17?
17
Let g = -5110 + 5134. What is the greatest common factor of g and 114?
6
Let x be (44/(-24))/((-4)/24). Suppose -22*k + 220 = -x*k. Calculate the